te the remainder when u is divided by 42.
7
Let o(n) = -6 - 3 - 2 - 7*n + 3*n. Calculate the remainder when 82 is divided by o(-8).
19
Suppose x + 2*f = -4, -7*f - 15 = -2*f. Calculate the remainder when 2/(-26) + 1240/403 is divided by x.
1
Let k(u) = -74*u + 2. Let t be k(-3). Suppose -t = 5*r - 44. Let q = 25 - r. What is the remainder when q is divided by 16?
13
Let h(d) be the second derivative of -d**5/20 + d**4/2 - d**3/2 - 4*d**2 - 14*d. What is the remainder when (8/6)/((-2)/(-69)) is divided by h(4)?
10
Suppose 0 = 76*u - 64*u - 3336. What is the remainder when u is divided by 35?
33
Suppose 34 = 3*r + a, 2*r + 4*a = -0*r + 6. What is the remainder when 155 is divided by r?
12
Suppose 28*z - 35 = 33*z. Let u(t) = 2*t**2 + 11*t + 13. Calculate the remainder when u(z) is divided by 13.
8
Calculate the remainder when (3 - 0) + -5 - (12 - 903) is divided by 27.
25
Calculate the remainder when 19 + -2 + 9/(-3) is divided by 10.
4
Suppose -3*m - 4*k = -44, k - 3*k + 42 = 4*m. Calculate the remainder when (1 - -34)*(-1 - -2) is divided by m.
3
Let q = 329 - 297. Calculate the remainder when 734 is divided by q.
30
Let u(v) = 18*v - 20. Let i(p) = 37*p - 39. Let o(b) = 2*i(b) - 5*u(b). Calculate the remainder when o(-5) is divided by 26.
24
Suppose -2*i + 10 + 28 = 0. Let o = -24 - -31. What is the remainder when i is divided by o?
5
Suppose 53 + 47 = 4*u. What is the remainder when 36 is divided by u?
11
Let g be -2 - -2*(-10)/(-4). Suppose -d + g = 2. Calculate the remainder when 31 - (d - 4) - -2 is divided by 19.
17
Let o = 16 + 4. Suppose 3*f - 3*y + o = 4*f, 5*y = -5*f + 50. What is the remainder when 22 is divided by 7 + f/(-10)*2?
4
Let s(v) = -v**2 - 20*v - 48. Suppose -187 = 5*l + 6*l. What is the remainder when 12 is divided by s(l)?
0
Let x = -11 + 14. What is the remainder when (6/9 + -1)/(x/(-45)) is divided by 2?
1
Suppose 4*t - 3754 = -2*g, 0 = 2*t + 4*g + 208 - 2094. Suppose 3*s - t = -391. Calculate the remainder when s is divided by 37.
34
Let g(n) = 3*n**2 + 8*n + 5. Let q be 0 + -3 - (5 + -2 + -1). Calculate the remainder when g(q) is divided by 14.
12
Suppose 5*v + 25 = 0, -6*n + 13 = -9*n - 5*v. Calculate the remainder when 605 is divided by n.
1
Let c = -219 + 243. Let y be (-4)/(-10) - (-7089)/15. Suppose 5 - y = -4*f. Calculate the remainder when f is divided by c.
21
Let u be -3 - (3 + -2 + -128). Suppose 2*m - 5*w - 62 = 0, -w - 4*w = 4*m - u. Calculate the remainder when m is divided by 16.
15
Suppose -47 = -v + 4*n, -2*v + 76 = 3*n - 5*n. Let p = v + 24. Calculate the remainder when p is divided by (-52)/(-2) - (-72)/18.
29
Let s(d) = -3 + 1 + 2 + d**2 - 4 - 7*d. Let b be s(8). Suppose b*v + 2*c - 240 = -2*c, -3*c = -v + 68. Calculate the remainder when v is divided by 16.
14
Suppose 0 = -12*m + 14*m - 24. Let y(f) = f**2 - f - 7. What is the remainder when y(7) is divided by m?
11
Suppose 7*i - 4*j = 12*i - 144, -3*j = 3*i - 84. What is the remainder when i is divided by 26?
6
Suppose -m + 524 = -5*d, 0*d = -m + 2*d + 533. What is the remainder when m is divided by 54?
53
Suppose 0 = -4*t - 3*o + 20, -5*t + 0*t = o - 14. Let g = t + 4. Let u(i) = i**2 + 15*i - 96. Calculate the remainder when g is divided by u(-20).
2
Let u = -68 - -40. What is the remainder when 10 - (-3 - (-3 - -2)) is divided by u/(-6) - (-6)/18?
2
Suppose -p - 6 = 4*z - 4, 2*p - 4*z - 20 = 0. What is the remainder when 641 is divided by p?
5
Let c be (-9)/(-18)*(-1 - 133). Let t be (-1 - c)*1/3. Suppose 0 = 2*y - 2 - t. What is the remainder when 35 is divided by y?
11
Suppose -5*n = 13 - 33. Let x be (-4)/(-10) + 3/5. Let w = x + n. What is the remainder when 9 is divided by w?
4
Let l(k) = -k + 2. Let c be l(-2). What is the remainder when 1 + 13 - (-84)/28 is divided by 1*-2 - c*-2?
5
Let s = 1924 - 1225. Let t = -415 + s. Calculate the remainder when t is divided by 48.
44
Let u = 594 + -563. Let b(a) = 27*a + 4. Let v be b(5). Let s = 260 - v. Calculate the remainder when s is divided by u.
28
Suppose a - 744 = 2*j, -4*a = j - 867 - 2136. Suppose 120 = -14*k + a. What is the remainder when k is divided by 12?
9
Let k(v) = -v**3 - 16*v**2 + v + 43. What is the remainder when 62 is divided by k(-16)?
8
Suppose -8*i - 144 = 8. Let a = 29 + i. Calculate the remainder when 29 is divided by a.
9
Let q(x) = 26*x**2 + x + 1. Let c be q(-1). Suppose 2 = -2*t + 2*f, 4*f - c + 1 = -3*t. Calculate the remainder when 7 is divided by t.
1
Suppose -22*i + 24 = 2*i. What is the remainder when (-33)/(-5) - 4/(-10) is divided by i?
0
Suppose 5*z + 3*s + 2*s = 375, 2*s - 76 = -z. Let r be 12/(-3) - (-130)/2. Let f = r + -42. What is the remainder when z is divided by f?
17
Suppose 0 = 3*n + n - 16. Suppose 6*g = n*g. Suppose g*i - 24 = -4*i. What is the remainder when 29 is divided by i?
5
Let f be (4/(-3))/((-8)/84). Suppose 2*r = r + f. Let v = 24 - -2. Calculate the remainder when v is divided by r.
12
Let o = 600 + -454. Let w = -1 - -5. Suppose -2*a + 4 = 0, 0*a + o = w*m - 5*a. Calculate the remainder when m is divided by 20.
19
Let d be 158/8 - 2/(-8). Let c = d + 7. What is the remainder when c is divided by 7?
6
Let b(i) = -2*i**3 - 11*i**2 - 7*i - 11. Calculate the remainder when b(-6) is divided by 20.
7
Let l(q) = 96*q - 369. Calculate the remainder when 135 is divided by l(4).
0
Let t(w) = -2*w**3 - 17*w**2 + 21*w - 19. Calculate the remainder when t(-10) is divided by 38.
33
Let d = 175 - 61. Let t(b) = b**2 + 3*b - 3. What is the remainder when d is divided by t(-6)?
9
Suppose 773*j + 77 = 780*j. Calculate the remainder when 536 is divided by j.
8
Suppose -478 = -2*g - 158. Calculate the remainder when (-1)/((-4)/(-30))*-4 is divided by (-24)/56 + g/14.
8
Suppose 4*h = 196 - 136. Calculate the remainder when 46 is divided by h.
1
Suppose 469 = 5*t - n, -t - 5*n - 30 = -129. Let r = t - 84. Suppose 2*a + 69 = 2*m - 3*a, 4*a = -2*m + 42. What is the remainder when m is divided by r?
7
Let j(p) = p**3 - p**2 - 5*p - 2. Let v be j(3). What is the remainder when (4/4)/(v*(-3)/(-234)) is divided by 9?
6
Let k be 348/22 + 4/22. Let s = k + -14. Calculate the remainder when 1/(-1*s/(-34)) is divided by 6.
5
Suppose -2*p = -3*b - 64, p = 5*p - 4*b - 128. Suppose 6*h - 3*k = 2*h + 133, -2*h = -4*k - 54. Let n = h - p. What is the remainder when 18 is divided by n?
3
Suppose 20*a - 1286 = 1334. What is the remainder when a is divided by 26?
1
Suppose -f = 5*z - 48, f = -4*z + 44 - 5. Let k = 123 + -71. What is the remainder when k is divided by z?
7
Suppose -3*h - v = -5*h + 105, -5*v = -h + 75. Let b = h + -42. What is the remainder when -1 + 0 - 90/(-6) is divided by b?
6
Let l(s) = 13 - 14 + 5*s**2 - 12*s + 33 - 6*s**2. Let o = 6 - 1. Calculate the remainder when o is divided by l(-14).
1
Suppose 0 = -2*s + 423 - 49. Suppose 0 = 23*u - 10*u - 611. What is the remainder when s is divided by u?
46
Let j(t) = t**3 + 6*t**2 + 7*t + 5. Let c = 1032 - 1022. What is the remainder when c is divided by j(-4)?
1
Suppose -22*v + 458 = -1456. What is the remainder when v is divided by 30?
27
Let z = 9 - 31. Let c = -5 - z. What is the remainder when c is divided by -1 - 7/(7/(-10))?
8
Let a be (1/3)/((-22)/4818). Let p = 88 + a. Suppose 0*h - h = 3*u, h + 2*u = 2. What is the remainder when p is divided by h?
3
Suppose 10*t - 11 = 59. Calculate the remainder when 64 is divided by t.
1
Let p(m) = -m**2 - 8*m - 4. Let u be 70/525 + 58/15. Suppose 466 = u*d + 162. What is the remainder when d is divided by p(-5)?
10
Let m = -250 + -35. Let q = m - -576. Suppose 4*g = r - 42, 5*r - q = -g - 60. What is the remainder when r is divided by 24?
22
Let i(u) = 5*u**2 + 29*u + 10. Calculate the remainder when 29 is divided by i(-6).
13
Let s be 6*69*4/18. Suppose -4*m + 3*z - 21 + s = 0, 3*z - 27 = -3*m. Calculate the remainder when 55 is divided by m.
13
Let a be -4*2/3*-36. Suppose 4*d + 30 = 10*d. Suppose d*l - a = 74. Calculate the remainder when l is divided by 9.
7
Let j(o) be the second derivative of -o**5/10 - o**4/12 + o**3/6 - 6*o. Let q be j(1). What is the remainder when 43 is divided by q + -2*13/(-2)?
10
Let y(k) = -k + 11. What is the remainder when y(-11) is divided by (480/168)/((-2)/(-7))?
2
Let r be (-8)/6*(5/(-10) + -1). Suppose -3*j - 5*l + 105